{"id":15,"date":"2021-01-21T17:24:34","date_gmt":"2021-01-21T17:24:34","guid":{"rendered":"http:\/\/bjoernklein.net\/?page_id=15"},"modified":"2024-02-28T11:10:11","modified_gmt":"2024-02-28T11:10:11","slug":"lehre-vortraege","status":"publish","type":"page","link":"https:\/\/bjoernklein.net\/?page_id=15","title":{"rendered":"Vortr\u00e4ge, Lehre, etc."},"content":{"rendered":"\n<p><strong>Lehre<\/strong><\/p>\n\n\n\n<ul class=\"wp-block-list\">\n<li>FS 2023 \u2013 Das 20. Jahrhundert und die Geschichte der Gegenwart (PH FHNW)<\/li>\n\n\n\n<li>FS 2023 \u2013 Forschungswerkstatt: Integrations- und Migrationsforschung (PH FHNW)<\/li>\n\n\n\n<li>HS 2022 \u2013 Forschungswerkstatt: Integrations- und Migrationsforschung (PH FHNW)<\/li>\n\n\n\n<li>HS 2022 \u2013 Das 20. Jahrhundert und die Geschichte der Gegenwart (PH FHNW)<\/li>\n\n\n\n<li>FS 2022 \u2013 Das Zeitalter der Extreme: Das &#8222;kurze&#8220; 20. Jahrhundert (PH FHNW)<\/li>\n\n\n\n<li>HS 2021 \u2013 Das Zeitalter der Extreme: Das &#8222;kurze&#8220; 20. Jahrhundert (PH FHNW)<\/li>\n\n\n\n<li>HS 2021 \u2013 Die Geschichte der Eidgenossenschaft 1200-1800 (PH FHNW)<\/li>\n\n\n\n<li>HS 2021 \u2013 Politische Dimensionen historischer Schl\u00fcsselprobleme: Migration im 20. Jahrhundert (PH FHNW)<\/li>\n\n\n\n<li>SS 2015 New York. Geschlecht, K\u00f6rper und Transsektionalit\u00e4t um 1900 \u2013  Seminar f\u00fcr Mittlere und Neuere Geschichte, Georg-August-Universit\u00e4t G\u00f6ttingen mit Felix Kr\u00e4mer \u2013 <a href=\"https:\/\/univz.uni-goettingen.de\/qisserver\/rds?state=verpublish&amp;status=init&amp;vmfile=no&amp;publishid=161774&amp;moduleCall=webInfo&amp;publishConfFile=webInfo&amp;publishSubDir=veranstaltung\" target=\"_blank\" rel=\"noreferrer noopener\">Seminarbeschrieb<\/a><\/li>\n\n\n\n<li>SS 2015 \u2013 Team-Teaching Programm an der Hochschuldidaktik der Georg-August-Universit\u00e4t bei Dr. Angelika Thielsch<\/li>\n\n\n\n<li>WS 2010\/11 &#8222;Feelings that matter&#8220;. Eine Einf\u00fchrung in die Emotionsgeschichte \u2013 Anglo-Amerikanische Abteilung des Historischen Seminars an der Universit\u00e4t zu K\u00f6ln mit Bj\u00f6rn Schmidt und Maria Hugger<\/li>\n<\/ul>\n\n\n\n<p><strong>Radiobeitrag\u00a0<\/strong><\/p>\n\n\n\n<ul class=\"wp-block-list\">\n<li>\u201eWer erz\u00e4hlt f\u00fcr wen? 50 Jahre Stonewall Riots im Film\u201c Deutschlandfunk Kultur \u2013 Kompressor, 28.6.2019&nbsp;<a href=\"https:\/\/ondemand-mp3.dradio.de\/file\/dradio\/2019\/06\/28\/wer_erzaehlt_fuer_wen_50_jahre_stonewall_riots_im_film_drk_20190628_1407_9806026c.mp3\">Link<\/a><\/li>\n<\/ul>\n\n\n\n<p><strong>Moderation<\/strong><\/p>\n\n\n\n<ul class=\"wp-block-list\">\n<li>\u201eTriumph der Frauen? The Female Face of the Populist &amp; Far Right in Europe\u201c (in English) auf der Feministischen Sommeruni an der HU Berlin am 15.09.2018, mit Weronika Grzebalska, (Soziologin und Vorstandsmitglied der polnischen Fachgesellschaft f\u00fcr Geschlechterstudien) &amp; Rachel Spicker, (Sozialwissenschaftlerin und Mitarbeiterin der Fachstelle Gender, GMF &amp; Rechtsextremismus der Amadeu-Antonio-Stiftung) <a href=\"https:\/\/web.archive.org\/web\/20180829155855\/https:\/\/www.feministische-sommeruni.de\/programm#\" data-type=\"URL\">Link zum Prg. auf archive.org<\/a><\/li>\n\n\n\n<li>\u201eVon der Beraubung der Zeit\u201c \u2013 Ein Film von Daniel Po\u0161trak und J\u00f6rn Neumann \u2013 Screening und Moderation im Nachbarschaftscaf\u00e9 Erika &amp; Hilde am 04.11.2015 in Berlin, Neuk\u00f6lln <a href=\"https:\/\/www.mixedsignals.info\/wp-content\/uploads\/2021\/02\/Erika_Hilde_Beraubung_Zeit-scaled.jpg\" target=\"_blank\" rel=\"noreferrer noopener\">Link zum Flyer<\/a><\/li>\n<\/ul>\n\n\n\n<p><strong>Vortr\u00e4ge (Auswahl)<\/strong><\/p>\n\n\n\n<ul class=\"wp-block-list\">\n<li>07\/2021 Diskussion mit Studierenden der Folkwang Universit\u00e4t der K\u00fcnste im Rahmen des<a href=\"https:\/\/organizer.folkwang-uni.de\/qisserver\/rds?state=verpublish&amp;status=init&amp;vmfile=no&amp;moduleCall=webInfo&amp;publishConfFile=webInfo&amp;publishSubDir=veranstaltung&amp;veranstaltung.veranstid=24179\">&nbsp;Seminars &#8222;Intersektionalit\u00e4t&#8220;<\/a>&nbsp;von Prof. Dr. Simon Dickel im SoSe 21 zum Text&nbsp;<a href=\"https:\/\/www.google.com\/url?sa=t&amp;rct=j&amp;q=&amp;esrc=s&amp;source=web&amp;cd=&amp;cad=rja&amp;uact=8&amp;ved=2ahUKEwjtjvK-l-ryAhWMD-wKHVQaCZoQFnoECBIQAQ&amp;url=https%3A%2F%2Fwww.degruyter.com%2Fdocument%2Fdoi%2F10.14361%2F9783839435366-008%2Fhtml&amp;usg=AOvVaw0YuO3fDEKN9I_8kxwCQG_g\">&#8222;Transsektionalit\u00e4t&#8220;<\/a>&nbsp;von Dr. Felix Kr\u00e4mer und mir.<\/li>\n\n\n\n<li>04\/2021 \u201eFractured identities. Geschlechtergeschichte(n) in New York um 1900 \u2013 Basler Kolloquium zur Didaktik der historischen und politischen Bildung: Geschlecht (gender) als wirksame Differenzkategorie beim historischen und politischen Lernen. <a href=\"https:\/\/www.mixedsignals.info\/wp-content\/uploads\/2021\/04\/Ringseminar-FS-2021_gender_flyer.pdf\">Flyer Ringseminar FS2021<\/a><\/li>\n\n\n\n<li>04\/2020 \u201eDigitale geschichtspolitische Interventionen \u2013 das&nbsp;<a href=\"https:\/\/www.youtube.com\/results?search_query=%23projektODRA\">#projektODRA<\/a>\u201c \u2013 Vortrag im Kolloquium Digital Humanities der Universit\u00e4t zu K\u00f6ln (mit Dennis Demmer und J\u00fcrgen Hermes)<\/li>\n\n\n\n<li>11\/2019 \u201eEine kurze Geschichte der Intersektionalit\u00e4t\u201c \u2013 Gastvortrag in der Vorlesung Inklusive Bildung I, Helena Kr\u00e4henmann, &nbsp;P\u00e4dagogische Hochschule FHNW, Brugg-Windisch, Professur f\u00fcr Inklusive Bildung &amp; Heterogenit\u00e4t \u2013&nbsp;<a href=\"https:\/\/prezi.com\/p-snhumw3tke\/eine-kurze-geschichte-der-intersektionalitat\/?utm_campaign=share&amp;token=95ea81792f017fdaf4390842242b79e4492b37dbd73929f1b11b7c21a750cee1&amp;utm_medium=copy\">Link zur Prezi<\/a><\/li>\n\n\n\n<li>07\/2019 \u201eFrom Murray Hall to Brett Kavanaugh \u2013 Intersektionale Verletzungen und transsektionale Perspektiven im Politischen\u201c \u2013 L\u2019Histoire Intersectionnelle \u2013 Geschichte Intersektional, Relevanz \u2013 Potenziale \u2013 Grenzen, Freiburg Institute for Advanced Studies FRIAS, Universit\u00e4t Freiburg \u2013&nbsp;<a href=\"https:\/\/www.genderstudies.uni-freiburg.de\/geschichte-intersektional-lhistoire-intersectionnelle\/cfp\">Programm<\/a><\/li>\n\n\n\n<li>06\/2019 \u201eThe Aftermath of the Stonewall Riots \u2013 A Transsectional View on Its Media Representations\u201c \u2013 U.S. American Culture as Popular Culture. 66th Annual Conference of the German Association for American Studies, Universit\u00e4t Hamburg \u2013&nbsp;<a href=\"https:\/\/dgfa2019com.files.wordpress.com\/2019\/06\/07_program_upload-4.pdf\">Programm<\/a><\/li>\n\n\n\n<li>12\/2017 \u201eWer ist \u201adie \u00d6ffentlichkeit\u2018 in Zeiten des Social Web\u201c \u2013 Tagung: Kurz und gut! Kommunikation in den Geisteswissenschaften in Zeiten von Twitter, Slam und \u201aalternativen Fakten\u2018 (zusammen mit Dr. Pablo Dominguez, de Gruyter Verlag). Berlin-Brandenburgische Akademie der Wissenschaften \u2013&nbsp;<a href=\"https:\/\/www.kurzundgut.org\/\">Programm<\/a><\/li>\n\n\n\n<li>06\/2017 \u201eWriting from the Margins \u2013 Fragmented Identities in New York City around 1900\u201c \u2013 Modernities and Modernization in North America. 64th Annual Conference of the German Association for American Studies, Gottfried Wilhelm Leibniz Universit\u00e4t Hannover \u2013&nbsp;<a href=\"https:\/\/dgfa.de\/wp-content\/uploads\/DGfA_Program_2017-May30.pdf\">Programm<\/a><\/li>\n\n\n\n<li>03\/2017 \u201eWriting from the Margins. Practices of Writing and Self-Formations in New York City around 1900\u201c \u2013 Historical Praxeology. Quo vadis? An International Conference on Historical Practices, Carl von Ossietzky University Oldenburg \u2013&nbsp;<a href=\"https:\/\/www.hsozkult.de\/conferencereport\/id\/tagungsberichte-7400\">Tagungsbericht<\/a><\/li>\n\n\n\n<li>12\/2016 \u201eI was a soft effeminate man who was wanted nowhere \u2013 Female impersonation in turn-of-the- century New York City\u201c \u2013 Political Masculinities as Agents of Change, Interdisciplinary Conference, Anglia Ruskin University Cambridge&nbsp;<a href=\"http:\/\/www.gesellschaftswissenschaften-phfhnw.ch\/wp-content\/uploads\/2020\/11\/Political-masculinities-as-agents-of-change-Anglia-Ruskin-University-9-11-December-2016.pdf\">Tagungsbericht<\/a><\/li>\n\n\n\n<li>07\/2016 \u201eBodies and Matter, Julian Eltinges\u2019 (Fe)male Impersonation\u201c \u2013 Interdisciplinary Matters: Doing Space while Doing Gender, Neue Perspektiven auf Materialit\u00e4t, Medialit\u00e4t und Temporalit\u00e4t, Konferenz Georg-August Universit\u00e4t G\u00f6ttingen<\/li>\n\n\n\n<li>05\/2016 \u201ePractices of an Androgyne in turn-of-the-century New York City\u201c \u2013 Kolloquium Nordamerikanische Geschichte, Prof. Dr. J\u00fcrgen Martschukat, Universit\u00e4t Erfurt<\/li>\n<\/ul>\n","protected":false},"excerpt":{"rendered":"<p>Lehre Radiobeitrag\u00a0 Moderation Vortr\u00e4ge (Auswahl)<\/p>\n","protected":false},"author":1,"featured_media":0,"parent":0,"menu_order":0,"comment_status":"closed","ping_status":"closed","template":"","meta":{"footnotes":""},"class_list":["post-15","page","type-page","status-publish","hentry"],"_links":{"self":[{"href":"https:\/\/bjoernklein.net\/index.php?rest_route=\/wp\/v2\/pages\/15","targetHints":{"allow":["GET"]}}],"collection":[{"href":"https:\/\/bjoernklein.net\/index.php?rest_route=\/wp\/v2\/pages"}],"about":[{"href":"https:\/\/bjoernklein.net\/index.php?rest_route=\/wp\/v2\/types\/page"}],"author":[{"embeddable":true,"href":"https:\/\/bjoernklein.net\/index.php?rest_route=\/wp\/v2\/users\/1"}],"replies":[{"embeddable":true,"href":"https:\/\/bjoernklein.net\/index.php?rest_route=%2Fwp%2Fv2%2Fcomments&post=15"}],"version-history":[{"count":14,"href":"https:\/\/bjoernklein.net\/index.php?rest_route=\/wp\/v2\/pages\/15\/revisions"}],"predecessor-version":[{"id":307,"href":"https:\/\/bjoernklein.net\/index.php?rest_route=\/wp\/v2\/pages\/15\/revisions\/307"}],"wp:attachment":[{"href":"https:\/\/bjoernklein.net\/index.php?rest_route=%2Fwp%2Fv2%2Fmedia&parent=15"}],"curies":[{"name":"wp","href":"https:\/\/api.w.org\/{rel}","templated":true}]}}