{"id":13,"date":"2021-01-21T17:24:34","date_gmt":"2021-01-21T17:24:34","guid":{"rendered":"http:\/\/bjoernklein.net\/?page_id=13"},"modified":"2024-02-28T10:45:21","modified_gmt":"2024-02-28T10:45:21","slug":"artikel","status":"publish","type":"page","link":"https:\/\/bjoernklein.net\/?page_id=13","title":{"rendered":"Artikel"},"content":{"rendered":"\n<div class=\"wp-block-columns is-layout-flex wp-container-core-columns-is-layout-9d6595d7 wp-block-columns-is-layout-flex\">\n<div class=\"wp-block-column is-layout-flow wp-block-column-is-layout-flow\" style=\"flex-basis:100%\">\n<ul class=\"has-black-color has-white-background-color has-text-color has-background wp-block-list\">\n<li>\u201eTranssektionalit\u00e4t als Fluchtlinie der Historiographie \u2013 James Weldon Johnsons <em>Autobiography of an Ex-Colored Man<\/em>\u201c, mit Felix Kr\u00e4mer in: Freiburger Zeitschrift f\u00fcr GeschlechterStudien (fzg), Heft 28, 2022.<\/li>\n\n\n\n<li>\u201ePolitik und Digitalisierung zwischen historischer Gewordenheit und neuen Wissensordnungen\u201c in: Was macht die Digitalisierung mit der Politik (Hg.: Bj\u00f6rn Klein, Robin Schmdit), De Gruyter Oldenbourg, 2022. <strong><a href=\"https:\/\/www.degruyter.com\/document\/doi\/10.1515\/9783110785265\/html#contents\"><mark style=\"background-color:rgba(0, 0, 0, 0)\" class=\"has-inline-color has-luminous-vivid-amber-color\">link<\/mark><\/a><\/strong><\/li>\n\n\n\n<li>\u201eZwischenraum: Der Fall Murray Hall in transsektionaler Perspektive\u201c, mit Felix Kr\u00e4mer in: Zwischen Raum und Zeit. Zwischenr\u00e4umliche Praktiken in den Kulturwissenschaften (Hg.: Muriel Gonz\u00e1lez Athenas, Monika Frohnapfel-Leis), De Gruyter Oldenbourg, 2022. <a rel=\"noreferrer noopener\" href=\"https:\/\/www.degruyter.com\/document\/doi\/10.1515\/9783110758306\/html\" target=\"_blank\"><strong><mark style=\"background-color:rgba(0, 0, 0, 0)\" class=\"has-inline-color has-luminous-vivid-amber-color\">link<\/mark><\/strong><\/a><\/li>\n\n\n\n<li>Rezension zu:&nbsp;<em>Barry Reay:&nbsp;Trans America. A Counter-History.&nbsp;Cambridge<\/em>&nbsp;<em>2020<\/em>.&nbsp;In: H-Soz-Kult, 16.11.2020.&nbsp;<a href=\"http:\/\/www.hsozkult.de\/publicationreview\/id\/reb-49977\"><mark style=\"background-color:rgba(0, 0, 0, 0)\" class=\"has-inline-color has-luminous-vivid-amber-color\"><strong>&lt;www.hsozkult.de\/publicationreview\/id\/reb-49977&gt;<\/strong><\/mark><\/a><\/li>\n\n\n\n<li>Einleitung in: Was macht die Digitalisierung mit den Hochschulen \u2013 Einw\u00fcrfe und Provokationen, &nbsp;(Hg.: Marko Demantowsky, Gerhard Lauer, Robin Schmidt, Bert te Wildt), De Gruyter Oldenbourg, 2020.&nbsp;<a href=\"https:\/\/www.degruyter.com\/view\/book\/9783110673265\/10.1515\/9783110673265-001.xml\"><mark style=\"background-color:rgba(0, 0, 0, 0)\" class=\"has-inline-color has-luminous-vivid-amber-color\"><strong>link<\/strong><\/mark><\/a><\/li>\n\n\n\n<li>\u201eVoyeurismus und die Macht des Blicks in den Sexualwissenschaften und der New Yorker Unterwelt um 1900\u201c in: L\u2019Homme. Europ\u00e4ische Zeitschrift f\u00fcr Feministische Geschichtswissenschaft 30. J., Heft 2 (2019), 57-74.&nbsp;<a href=\"https:\/\/www.univie.ac.at\/Geschichte\/LHOMME\/cms\/index.php?option=com_content&amp;view=article&amp;id=240:30-2-2019-innenraeume-aussenraeume&amp;catid=5&amp;Itemid=6&amp;lang=de\"><mark style=\"background-color:rgba(0, 0, 0, 0)\" class=\"has-inline-color has-luminous-vivid-amber-color\"><strong>link<\/strong><\/mark><\/a><\/li>\n\n\n\n<li>Self-writing around 1900 \u2013&nbsp;Fractured identities in New York City, Diss., Georg-August-Universit\u00e4t G\u00f6ttingen, G\u00f6ttingen 2019.&nbsp;<strong><a href=\"http:\/\/hdl.handle.net\/21.11130\/00-1735-0000-0003-C17D-7\"><mark style=\"background-color:rgba(0, 0, 0, 0)\" class=\"has-inline-color has-luminous-vivid-amber-color\">http:\/\/hdl.handle.net\/21.11130\/00-1735-0000-0003-C17D-7<\/mark><\/a><\/strong><\/li>\n\n\n\n<li>Rezension zu:&nbsp;<em>Homberg, Michael: Reporter-Streifz\u00fcge. Metropolitane Nachrichtenkultur und die Wahrnehmung der Welt 1870\u20131918. G\u00f6ttingen 2017.<\/em>&nbsp;In: H-Soz-Kult, 02.05.2019.&nbsp;<a href=\"http:\/\/www.hsozkult.de\/publicationreview\/id\/rezbuecher-26892\"><mark style=\"background-color:rgba(0, 0, 0, 0)\" class=\"has-inline-color has-luminous-vivid-amber-color\"><strong>&lt;www.hsozkult.de\/publicationreview\/id\/rezbuecher-26892&gt;<\/strong><\/mark><\/a><\/li>\n\n\n\n<li>\u201eThings are not what they seem \u2013 Female Impersonation in New York um 1900\u201c in: Doing Space while Doing Gender \u2013 Vernetzungen von Raum und Geschlecht in Forschung und Politik (Hg. Aenne Gottschalk, Susan Kersten, Felix Kr\u00e4mer), Transcript, Berlin 2018.&nbsp;<a href=\"https:\/\/www.transcript-verlag.de\/media\/pdf\/c8\/df\/01\/oa9783839435366.pdf\"><mark style=\"background-color:rgba(0, 0, 0, 0)\" class=\"has-inline-color has-luminous-vivid-amber-color\"><strong>https:\/\/www.transcript-verlag.de\/media\/pdf\/c8\/df\/01\/oa9783839435366.pdf<\/strong><\/mark><\/a><\/li>\n\n\n\n<li>\u201eTranssektionalit\u00e4t\u201c in: Doing Space while Doing Gender \u2013 Vernetzungen von Raum und Geschlecht in Forschung und Politik, (Hg. Aenne Gottschalk, Susan Kersten, Felix Kr\u00e4mer), Transcript, Berlin 2018.&nbsp;<a href=\"https:\/\/www.transcript-verlag.de\/media\/pdf\/c8\/df\/01\/oa9783839435366.pdf\"><mark style=\"background-color:rgba(0, 0, 0, 0)\" class=\"has-inline-color has-luminous-vivid-amber-color\"><strong>https:\/\/www.transcript-verlag.de\/media\/pdf\/c8\/df\/01\/oa9783839435366.pdf<\/strong><\/mark><\/a><\/li>\n\n\n\n<li>Einleitung in: Triumph der Frauen? The Female Face of the Far Right (Hg. Elisa Gutsche), Friedrich-Ebert-Stiftung, Forum Politik und Gesellschaft, Berlin 2018.&nbsp;<a href=\"https:\/\/library.fes.de\/pdf-files\/dialog\/14636.pdf\"><mark style=\"background-color:rgba(0, 0, 0, 0)\" class=\"has-inline-color has-luminous-vivid-amber-color\"><strong>https:\/\/library.fes.de\/pdf-files\/dialog\/14636.pdf<\/strong><\/mark><\/a><\/li>\n\n\n\n<li>Tagungsbericht: Gendered Spaces \u2013 Spatialized Gender: Synthese und Perspektiven der Konstitution von Raum und Geschlecht (mit Aenne Gottschalk, Simona Pagano, Fadi Saleh), in: H-Soz-Kult, 16.01.2014.&nbsp;<a href=\"http:\/\/hsozkult.de\/conferencereport\/id\/tagungsberichte-5200\"><mark style=\"background-color:rgba(0, 0, 0, 0)\" class=\"has-inline-color has-luminous-vivid-amber-color\"><strong>http:\/\/hsozkult.de\/conferencereport\/id\/tagungsberichte-5200<\/strong><\/mark><\/a><\/li>\n<\/ul>\n\n\n\n<p>Auswahl Stand 12\/2022<\/p>\n\n\n\n<figure class=\"wp-block-image size-full is-resized\"><a href=\"https:\/\/orcid.org\/0000-0002-5303-3282\"><img loading=\"lazy\" decoding=\"async\" width=\"351\" height=\"216\" src=\"https:\/\/www.mixedsignals.info\/wp-content\/uploads\/2022\/06\/Bildschirmfoto-2022-06-02-um-17.07.44.png\" alt=\"\" class=\"wp-image-243\" style=\"width:351px;height:216px\" srcset=\"https:\/\/bjoernklein.net\/wp-content\/uploads\/2022\/06\/Bildschirmfoto-2022-06-02-um-17.07.44.png 351w, https:\/\/bjoernklein.net\/wp-content\/uploads\/2022\/06\/Bildschirmfoto-2022-06-02-um-17.07.44-300x185.png 300w\" sizes=\"auto, (max-width: 351px) 100vw, 351px\" \/><\/a><\/figure>\n<\/div>\n<\/div>\n","protected":false},"excerpt":{"rendered":"<p>Auswahl Stand 12\/2022<\/p>\n","protected":false},"author":1,"featured_media":0,"parent":0,"menu_order":0,"comment_status":"closed","ping_status":"closed","template":"","meta":{"footnotes":""},"class_list":["post-13","page","type-page","status-publish","hentry"],"_links":{"self":[{"href":"https:\/\/bjoernklein.net\/index.php?rest_route=\/wp\/v2\/pages\/13","targetHints":{"allow":["GET"]}}],"collection":[{"href":"https:\/\/bjoernklein.net\/index.php?rest_route=\/wp\/v2\/pages"}],"about":[{"href":"https:\/\/bjoernklein.net\/index.php?rest_route=\/wp\/v2\/types\/page"}],"author":[{"embeddable":true,"href":"https:\/\/bjoernklein.net\/index.php?rest_route=\/wp\/v2\/users\/1"}],"replies":[{"embeddable":true,"href":"https:\/\/bjoernklein.net\/index.php?rest_route=%2Fwp%2Fv2%2Fcomments&post=13"}],"version-history":[{"count":17,"href":"https:\/\/bjoernklein.net\/index.php?rest_route=\/wp\/v2\/pages\/13\/revisions"}],"predecessor-version":[{"id":301,"href":"https:\/\/bjoernklein.net\/index.php?rest_route=\/wp\/v2\/pages\/13\/revisions\/301"}],"wp:attachment":[{"href":"https:\/\/bjoernklein.net\/index.php?rest_route=%2Fwp%2Fv2%2Fmedia&parent=13"}],"curies":[{"name":"wp","href":"https:\/\/api.w.org\/{rel}","templated":true}]}}